umber?
False
Is 18454 prime?
False
Is 134035477 a prime number?
False
Is 5069033 a composite number?
False
Is 53888341 composite?
True
Is 119920841 a composite number?
False
Is 18340523 a composite number?
False
Is 2064417 a prime number?
False
Is 22424879 composite?
False
Is 15086521 a prime number?
True
Is 12816337 a prime number?
True
Is 35065297 composite?
False
Is 30657251 a prime number?
True
Is 102786763 a prime number?
True
Is 2425855 prime?
False
Is 3631477 a composite number?
True
Is 6958691 composite?
True
Is 39761543 a composite number?
False
Is 215556763 prime?
True
Is 13609247 composite?
False
Is 1052615 a composite number?
True
Is 10377049 a prime number?
False
Is 44373727 composite?
True
Is 999041 prime?
False
Is 330403 a composite number?
True
Is 6635051 prime?
True
Is 115963451 a prime number?
True
Is 96298471 composite?
False
Is 22484263 composite?
True
Is 211691 prime?
True
Is 1165547 composite?
True
Is 22868011 a prime number?
True
Is 34417589 composite?
True
Is 2109229 a composite number?
True
Is 11349583 prime?
False
Is 102294143 a composite number?
True
Is 38351387 a composite number?
False
Is 15886349 prime?
True
Is 161062989 a composite number?
True
Is 4461161 composite?
False
Is 28979957 prime?
True
Is 1477157 a composite number?
True
Is 21353635 a composite number?
True
Is 146307461 a composite number?
True
Is 964737717 composite?
True
Is 1205389 prime?
False
Is 149421023 a composite number?
True
Is 237094339 prime?
True
Is 4769473 a composite number?
False
Is 131057 prime?
False
Is 6177751 a prime number?
False
Is 394787 composite?
False
Is 113432249 prime?
False
Is 162215087 prime?
False
Is 107593723 a composite number?
True
Is 8470661 a composite number?
False
Is 15387733 a composite number?
False
Is 8184607 prime?
True
Is 5490185 a composite number?
True
Is 28810693 prime?
True
Is 21794677 a prime number?
False
Is 18637873 a prime number?
True
Is 37525899 a composite number?
True
Is 16270262 composite?
True
Is 223040609 a prime number?
False
Is 20878953 a composite number?
True
Is 16718707 prime?
True
Is 8012707 prime?
True
Is 2638841 composite?
False
Is 258119311 a composite number?
False
Is 4663117 a composite number?
True
Is 40359797 a composite number?
False
Is 20034301 a composite number?
True
Is 219801217 prime?
True
Is 285948997 a prime number?
False
Is 69631511 a prime number?
False
Is 73345169 prime?
True
Is 117542057 a composite number?
False
Is 31527937 a prime number?
False
Is 6487067 prime?
True
Is 7778033 composite?
False
Is 20849 prime?
True
Is 10731571 composite?
False
Is 1217173 a prime number?
False
Is 81093665 a composite number?
True
Is 1870577 composite?
False
Is 38688061 a composite number?
False
Is 520260271 a composite number?
False
Is 27809283 a composite number?
True
Is 150149 a composite number?
True
Is 694753 a composite number?
True
Is 11662613 composite?
False
Is 759291361 prime?
False
Is 164589719 a composite number?
True
Is 4199411 a prime number?
True
Is 14391031 prime?
False
Is 187395259 a composite number?
False
Is 250525331 a composite number?
True
Is 469533563 prime?
True
Is 47343407 prime?
False
Is 4251017 a prime number?
False
Is 2996101 a prime number?
False
Is 417829 a prime number?
False
Is 3598643 prime?
True
Is 33851809 a composite number?
False
Is 681001 composite?
False
Is 1234139 a composite number?
True
Is 28941581 prime?
False
Is 1616231 prime?
True
Is 13375399 composite?
True
Is 5918989 a prime number?
False
Is 554979 composite?
True
Is 194968159 composite?
False
Is 612439 prime?
True
Is 65259087 a composite number?
True
Is 622823 a prime number?
False
Is 184027033 prime?
False
Is 20818101 a composite number?
True
Is 2266801 a composite number?
False
Is 8274646 prime?
False
Is 23743157 prime?
True
Is 375961723 composite?
True
Is 2356583 composite?
False
Is 50099407 a prime number?
True
Is 22440401 a prime number?
True
Is 67788706 prime?
False
Is 783982679 a composite number?
True
Is 1024021 composite?
False
Is 13958891 a composite number?
True
Is 256346003 prime?
True
Is 4336061 composite?
False
Is 2957187 a prime number?
False
Is 2420519 prime?
True
Is 2744381 a prime number?
False
Is 55733267 prime?
False
Is 91814659 prime?
True
Is 11880097 composite?
False
Is 227286233 composite?
True
Is 498056969 a prime number?
True
Is 16006357 composite?
False
Is 2573617 composite?
False
Is 566521 prime?
True
Is 1962079 composite?
True
Is 1937087 prime?
True
Is 461003889 composite?
True
Is 2742629 composite?
False
Is 17027393 a prime number?
True
Is 364307483 a composite number?
True
Is 22823729 a composite number?
False
Is 16009241 a prime number?
True
Is 94169693 composite?
False
Is 322397191 composite?
False
Is 4786213 a prime number?
True
Is 57305263 composite?
False
Is 156151 prime?
True
Is 124551031 a prime number?
False
Is 34473394 a prime number?
False
Is 4231099 a prime number?
True
Is 27786527 composite?
False
Is 17638499 prime?
True
Is 24878297 a prime number?
True
Is 298129921 a prime number?
True
Is 19695623 a prime number?
False
Is 346079 a prime number?
True
Is 11149843 a composite number?
True
Is 1625331 prime?
False
Is 5475919 composite?
True
Is 762989 prime?
True
Is 27848867 a prime number?
True
Is 8706777 composite?
True
Is 235221013 a prime number?
True
Is 213343 prime?
False
Is 641653 a composite number?
True
Is 16384353 a composite number?
True
Is 4138835 a prime number?
False
Is 621337 a prime number?
True
Is 1110181 a prime number?
True
Is 4291477 prime?
False
Is 1689829 a prime number?
True
Is 190152721 a composite number?
True
Is 7628905 composite?
True
Is 2584303 prime?
False
Is 856601 prime?
False
Is 20811883 prime?
True
Is 26833 a composite number?
False
Is 258562 composite?
True
Is 56634509 composite?
False
Is 679933057 prime?
True
Is 54593027 a prime number?
False
Is 15113473 composite?
True
Is 5389693 a prime number?
True
Is 77742187 a prime number?
True
Is 12121061 a composite number?
False
Is 7126411 composite?
True
Is 35599 composite?
True
Is 139242179 prime?
True
Is 25874791 a prime number?
False
Is 2117477 a prime number?
True
Is 9267793 a prime number?
False
Is 236491687 a composite number?
False
Is 365692993 a prime number?
False
Is 338766553 composite?
True
Is 3958167 a composite number?
True
Is 14971987 a composite number?
False
Is 341130679 prime?
False
Is 2786097 prime?
False
Is 632027 a composite number?
True
Is 39456579 a prime number?
False
Is 13557569 composite?
False
Is 15105785 a composite number?
True
Is 20502133 a composite number?
False
Is 12453479 prime?
True
Is 2322811 composite?
True
Is 114327611 a prime number?
True
Is 21739829 composite?
False
Is 1219549 composite?
False
Is 5705033 a prime number?
True
Is 11872211 a prime number?
False
Is 15621395 a prime number?
False
Is 682729 prime?
True
Is 9912127 composite?
True
Is 111392935 composite?
True
Is 1941659 composite?
False
Is 1310033 composite?
False
Is 102031 prime?
True
Is 1432766 prime?
False
Is 484889939 prime?
True
Is 200917 prime?
False
Is 16584423 prime?
False
Is 7704763 composite?
True
Is 184111 a prime number?
True
Is 1906659841 a prime number?
True
Is 98578951 composite?
True
Is 8049467 prime?
True
Is 25236397 a composite number?
True
Is 46143173 prime?
True
Is 25460017 prime?
False
Is 4045763 a composite number?
False
Is 17370403 composite?
False
Is 2703641 a prime number?
False
Is 4593569 a composite number?
False
Is 24034433 prime?
False
Is 9160171 a prime number?
False
Is 12459563 a prime number?
True
Is 2661479 a composite number?
True
Is 70810019 a composite number?
True
Is 4865917 composite?
True
Is 61271 prime?
False
Is 935521 prime?
False
Is 951169 composite?
True
Is 6942857 a prime number?
True
Is 499839 a prime number?
False
Is 200434793 composite?
True
Is 50777029 a prime number?
True
Is 2254923731 a composite number?
False
Is 9163559 prime?
True
Is 1107451 a prime number?
False
Is 45974791 composite?
False
Is 12999043 a composite number?
False
Is 11835919 prime?
False
Is 55784411 a composite number?
False
Is 16057406 a prime number?
False
Is 212627981 a prime number?
True
Is 809447943 a prime number?
False
Is 304651 composite?
False
Is 29455277 prime?
False
Is 2421031 a prime number?
True
Is 88886813 a composite number?
False
Is 14611579 a 